ime factors of g(-4).
281
Suppose -2*r - 4*c = -1076, -6*r + r + 4*c = -2704. What are the prime factors of r?
2, 3, 5
Suppose 12*i + 375 - 1167 = 0. Let j be 0/(6/2 + -1). Suppose 3*c = 2*w - i, -5*w + 10*w - 3*c - 156 = j. List the prime factors of w.
2, 3, 5
Let z be -56*2/(16/(-4)). Suppose 0 = -2*c - c + 24. Suppose -p - 3*p + c = -2*g, 4*p - z = -3*g. What are the prime factors of p?
2
Let v be (-4)/(-6) - 100/6. Let y be (v/6)/((-4)/60). Suppose -10*s + 8*s = -y. What are the prime factors of s?
2, 5
Let x be ((-2)/(-4))/1*0. Let u be -1*(-15)/(-10)*(-10)/3. Suppose -u*b + 10*b - 90 = x. What are the prime factors of b?
2, 3
Let t = 35 + -17. Suppose -t*b + 545 = -13*b. List the prime factors of b.
109
Suppose i + 28 = 4*i - 4*g, 5*g = -20. Suppose -5*l - 5*u = -365, l - i*u + 21 = 119. What are the prime factors of l?
2, 3, 13
Let h be -3 - -2 - -1*7. Let d(g) = 1469 - g**2 - 1478 + 10*g + 6*g. What are the prime factors of d(h)?
3, 17
Let f = -210 - -305. List the prime factors of f.
5, 19
Suppose -c = -156 - 610. What are the prime factors of c?
2, 383
Suppose -5*v + 32 = 7. Suppose -v*y + 61 = 321. Let u = 96 + y. List the prime factors of u.
2, 11
Let b = 73 - 6. Suppose -2*j = -318 + 88. Let g = j - b. What are the prime factors of g?
2, 3
Let a = -5501 - -7816. List the prime factors of a.
5, 463
Let c(o) = -o**2 - 13*o + 4. Let j be c(-13). Let b be ((-36)/21)/(j/(-14)). Let g(y) = y**3 - 6*y**2 + 2*y - 9. What are the prime factors of g(b)?
3
Suppose -9492 - 15048 = -30*o. List the prime factors of o.
2, 409
Let g(x) = -3 + 7 + 2*x - 3*x**2 + 0*x**2 - 2*x**3 + 3. Let a be g(-3). What are the prime factors of (-270)/(-36)*a/6?
5, 7
Let t = 36 + -30. Let g = 6 + t. Suppose -o + g = -3. What are the prime factors of o?
3, 5
Let v be 0/(-4)*-1*1. Suppose 6*s + v*s = 18. Suppose -2*t + 3*p + 37 = 0, 3*t = -t - s*p + 47. What are the prime factors of t?
2, 7
Let a = -212 - -984. List the prime factors of a.
2, 193
Let t be (0 - 2)*(-18)/(-4). Suppose -4*q = 2*i - 46, q + 4*i + 1 - 9 = 0. Let m = t + q. List the prime factors of m.
3
Let m = -102 + 87. Let a(g) = -g**3 - 8*g**2 - 2*g + 6. Let d be a(-7). Let k = m - d. List the prime factors of k.
2, 7
Let f be (-27)/12 + (-2)/(-8). List the prime factors of (-1)/(f/94) - 4.
43
Let h be (0 + (-7)/4)*-84. Suppose 39 = -3*f + h. Suppose f = -5*n + 9*n. List the prime factors of n.
3
Suppose 9*c - 873 = 4*s + 6*c, -2*s - 449 = c. Let v = s + 331. List the prime factors of v.
109
Let i be (-4)/(-10) + ((-218)/(-5) - 3). Let x = 83 + i. List the prime factors of x.
2, 31
Let v = 4162 - 2824. List the prime factors of v.
2, 3, 223
Let j(q) = -2*q**2 + 6*q + 11. Let g be j(-10). Let d = g + 428. What are the prime factors of d?
179
Let q(c) = 2*c**2 - 31*c - 8. List the prime factors of q(18).
2, 41
Suppose 7*l = -10*l + 16150. What are the prime factors of l?
2, 5, 19
Suppose -8*f + 123930 = 37*f. List the prime factors of f.
2, 3, 17
Let h be -4 + (-5)/((-15)/12). Suppose -5*o + 3*k + 297 = h, 5*o - 303 = 6*k - 9*k. List the prime factors of o.
2, 3, 5
Let z be (-1 + (-4)/(-2))/(-1). Let t = z + 3. Suppose 2*a + t*a - 76 = 0. What are the prime factors of a?
19
Let t(g) = -g + 0 - 2 + 22*g**2 + 84*g**2. What are the prime factors of t(-1)?
3, 5, 7
Let k be 15 - 13 - 6/(-2). Suppose 34 = 2*w - 5*d - 127, -k*d + 279 = 3*w. List the prime factors of w.
2, 11
Suppose 0 = 13*a + 1892 - 4986. List the prime factors of a.
2, 7, 17
Suppose 0*u = 3*u + 4*s - 710, s + 246 = u. What are the prime factors of u/5 - 30/(-50)?
7
Let o(d) = -d**2 + 3*d + 6. Let x(h) = 2*h + 10. Let w be x(-3). Suppose 0 = -2*v + 3*v - w. What are the prime factors of o(v)?
2
Suppose s = -4*p - 70, 9*p + 84 = 4*p - 3*s. Let m = p + 25. Suppose m + 4 = i. List the prime factors of i.
11
Let w(z) = -5*z**2 + 3*z - 2. Let i(l) = 9*l**2 - 6*l + 5. Let y(p) = -3*i(p) - 7*w(p). What are the prime factors of y(-2)?
37
Suppose -24 = -3*v + 3*f, -5*v + 0*f = -4*f - 35. Let p = 18 + 115. Suppose v*i = 17 + p. List the prime factors of i.
2, 5
Let t be (42/4)/((-21)/28). Let x(l) = -l**2 - 23*l - 41. What are the prime factors of x(t)?
5, 17
Suppose 618 = -6*z + 8*z. Suppose 2*m - a = -2*m + 1226, m + a = z. List the prime factors of m.
307
Let o(x) = 17*x**2 - 34*x - 146. List the prime factors of o(-13).
3169
Let f be 17 + -4 + 2 + 5. Let l = f - 15. Suppose -l*v = -159 - 121. List the prime factors of v.
2, 7
Let v(b) = -b + 8. Let p be v(10). Let y = 13 - p. What are the prime factors of y?
3, 5
Suppose 16 - 14 = 2*j. Let x be j*(4 - 3) - 7. List the prime factors of (-1)/(-1)*(29 + x).
23
Let i = -107 + 60. Let r = i - -33. Let l = 28 + r. List the prime factors of l.
2, 7
Suppose -7*b + 6*b = 0. Let n = 10 - -10. Let d = b + n. List the prime factors of d.
2, 5
Let l(a) = a**3 + 10*a**2 + 14*a + 9. Suppose 11 = c + 17. What are the prime factors of l(c)?
3, 23
Let b = 69 + -2. Suppose 5*w - 148 = b. List the prime factors of w.
43
Suppose -3*i - 2*b = -2627, i - 1014 = -5*b - 121. List the prime factors of i.
3, 97
List the prime factors of 44/(((-3)/99)/(4/(-6))).
2, 11
Let p be (0 - -2)*4/(-2). List the prime factors of (-2)/(p*(-4)/(-376)).
47
Let h = -90 + 89. List the prime factors of 100 - (3 + (-8)/4) - h.
2, 5
Suppose 0 = -h - 0*h. Suppose -3*q + q - 6 = h. List the prime factors of -2 + (q - -2) + 21.
2, 3
Suppose 5*q = -5*z - 105, -z + 3*q + 31 = -2*z. Let m = z + 22. List the prime factors of m.
2, 3
Let c = 1411 + -481. What are the prime factors of c?
2, 3, 5, 31
Let y(o) be the first derivative of -o**4/4 + 4*o**3/3 - 3*o**2 + 7*o - 4. Let t be y(5). Let q = -22 - t. List the prime factors of q.
2, 13
Let w(i) = -20*i + 90. List the prime factors of w(-13).
2, 5, 7
Let t(c) = -2978*c + 70. List the prime factors of t(-1).
2, 3, 127
Suppose -4471 = 3*r - 6*r - 5*c, 0 = -2*r - 2*c + 2974. What are the prime factors of r?
2, 3, 13, 19
Let l(v) = 4*v**2 - 6*v - 12. Let q be l(-2). What are the prime factors of 127*(5/(-35) - q/(-14))?
127
Let f be 30/(-2) + -2*1. Let z be (-492)/(-20) + (-2)/(-5). Let g = z + f. List the prime factors of g.
2
Let w be (-2)/(-10) + (-39)/65*-28. Let r(t) = -t + 1. Let c(o) = 6*o - 32. Let f(p) = -c(p) - 5*r(p). List the prime factors of f(w).
2, 5
Let n(k) = -2*k + 1. Let m = -8 - -12. Let q be 2*-2*1/m. What are the prime factors of n(q)?
3
Let g be 44 - 2/((-10)/(-25)). Let c = -4 - -80. Let k = c - g. List the prime factors of k.
37
What are the prime factors of -4 + 1 + 406 + (-16 - -10)?
397
Let n(f) = -f**2 - 10*f + 4. Let w be n(-5). Suppose 23 = -2*d - 13. Let p = d + w. List the prime factors of p.
11
Suppose -2*l - 4*q + 20 = 0, 0 = -3*l - l + 2*q + 70. Suppose l = p - 4. What are the prime factors of p?
2, 5
Let m = 6940 - 3483. What are the prime factors of m?
3457
Suppose 3*c = o - 14, 4*o - 3*c = o + 18. What are the prime factors of o/(-4) - (-211)/2?
3, 5, 7
Suppose -5*u + 0*u = -705. Let m = -50 + u. List the prime factors of m.
7, 13
Suppose -3*m - 2*g + 4 = -4, 0 = 2*m - g - 10. Suppose -2*s + 124 = -l, -m*l - 311 = -5*s - 2*l. List the prime factors of s.
3, 7
Let l(x) = x**3 + 69*x**2 - 148*x - 250. List the prime factors of l(-71).
2, 11
Let s be 4*(-3 - (-14)/4). Let h be (-35)/(-15) + s/(-6). Suppose 0 = -5*b - 10, h*b + 77 = 5*m + 6*b. What are the prime factors of m?
17
Let a(r) = 0 + 2 - 5 + 3*r + 2. Let y be 4/12 + 24/9. What are the prime factors of a(y)?
2
Suppose 6*x - 4*x - 2070 = 0. What are the prime factors of 11/22 - x/(-6)?
173
Let h = 145 - -12. List the prime factors of h.
157
Suppose 2*m + 3*r - 13 = 0, -3*m + 0*r = r - 2. What are the prime factors of 11/(33/262)*(4 + m)?
2, 131
Suppose 10 = -5*m - 0, 2*m - 1304 = -3*y. Suppose -2*o = 2*k - y, 5*o + 436 = -k + 3*k. List the prime factors of k.
2, 109
Let s be 4/10 - (-2154)/15. Suppose 5*k = -59 + s. Suppose 128 - k = 3*y. What are the prime factors of y?
37
Suppose 3*r + 4*m + 655 = 0, -r = -2*m + 48 + 167. List the prime factors of 1*(-3 + 1) - r.
5, 43
Let i(y) = -y**2 - 11*y + 3. Let f be i(-8). Suppose 25*m = 28*m - f. List the prime factors of m.
3
Let h be (-1)/((-1)/(-3)) + -3. Let x(r) = -r**2 - 8*r - 7. Let b be x(h). Suppose 4*y - 92 = -4*t, 0 = b*t - 6*y + 2*y - 142. List the pr